 is the tens digit of (7154/(-147))/(k/3 - 0)?
7
Let h = -210 - -103. Let w = h - -182. What is the units digit of w?
5
Let a = -38 - -46. Suppose -a*c + c = -168. What is the tens digit of c?
2
Suppose -2*h + 2*g = -1 - 1, 4*h + 4 = -4*g. Suppose h = m - 3, -2*m + 286 = 6*z - 2*z. What is the units digit of (-2)/((-74)/z - -1)?
5
Suppose 0 = 43*p - 15*p - 102088. What is the thousands digit of p?
3
Suppose 36570 = -22*p + 91*p. What is the tens digit of p?
3
Let w = -123 - -244. Suppose 4*p = 477 - w. What is the tens digit of p?
8
Suppose -2*y = -11 + 3. Let s = -5 - y. Let g = 29 + s. What is the tens digit of g?
2
Suppose -q + 450 = 9*q. Suppose -46*b + q*b = -162. What is the units digit of b?
2
Let x be (15/(-10))/((-1)/2). Suppose x*u = 11 + 34. What is the units digit of u?
5
Let m be 2/(-10) + -5 + 123/15. Suppose y + 0*y = -5*t + 116, -408 = -m*y + 5*t. What is the tens digit of y?
3
Let i(f) = -f**3 - 10*f**2 - 41*f + 25. What is the tens digit of i(-12)?
0
Let i(c) = -2*c - 7. Let m = -6 + 1. Let s be i(m). Suppose -s*r = -42 - 30. What is the tens digit of r?
2
Let n = 43 - 39. What is the units digit of (-40)/(-32)*n*7?
5
Let o = -1243 - -2080. What is the units digit of o?
7
Let r be 12/(-16) + 61/(-4). Let f = 36 + r. Suppose f = -0*t + 4*t. What is the units digit of t?
5
Let o = -863 - -1273. What is the hundreds digit of o?
4
Suppose 0 = 3*m + 5*d - 155, -4*m + 0*d = -3*d - 168. What is the units digit of 4/(-14) - (-10)/105*m?
4
Let s = -1 - 1. Let j(f) = -3*f**3 - 6*f**2 - 5*f + 4. Let o(d) = 3*d**3 + 5*d**2 + 4*d - 3. Let c(i) = -2*j(i) - 3*o(i). What is the tens digit of c(s)?
1
What is the tens digit of 12/14 - 112832/(-287)?
9
Suppose 9 = 6*p - 2*p - c, 3 = 2*p + c. Let l(w) = w**2 + 48. Let v be l(0). Suppose -p*r = -4 - v. What is the units digit of r?
6
Let n(k) = k**2 - 6*k + 35. What is the hundreds digit of n(27)?
6
Suppose -6*i - 78 = -9*i. Suppose -r + i = 3. What is the units digit of r?
3
Suppose -3*m - 8 = -j, -3*m - 2 = 2*j - 0. Let l be (2 - j)/(2 - 3). Suppose l = 2*c - 27 - 17. What is the units digit of c?
2
Let q = 6932 + -2910. What is the thousands digit of q?
4
Let v(j) = j**3 + 22*j**2 - 7*j + 58. What is the units digit of v(-21)?
6
Suppose 4*c - 137 = -597. Let o = 387 + c. What is the hundreds digit of o?
2
Let c(n) = -n. Let s(i) = -1. Let a(b) = c(b) + 4*s(b). Let h be a(-8). Suppose 4*r - 51 = 3*w - 187, -3*w - h*r = -104. What is the tens digit of w?
4
Let s = -1299 - -2354. What is the hundreds digit of s?
0
Suppose 2*k + m = 2*m + 1077, -2*k - 3*m + 1089 = 0. Suppose -k = -12*x - 0*x. What is the units digit of x?
5
Suppose -15*m = -11*m - 1752. What is the tens digit of m?
3
Suppose -20*m - 2465 = -4*t - 15*m, -3065 = -5*t + 3*m. What is the units digit of t?
0
Let v = 157 - 107. Let k = v + 8. What is the units digit of k?
8
Suppose m - 10 = -2*w, -5*w + 25 = -2*m - 3*m. Suppose -2*n = 3*i - m*n + 8, -5*n = 4*i + 6. Let o(z) = z**3 + 5*z**2 + z - 2. What is the units digit of o(i)?
0
Suppose -19*s - 493 = -20*s + a, 0 = s + 3*a - 509. What is the hundreds digit of s?
4
Let u(i) = i**2 + 4. Let x be (1 - -1)*3/2. Suppose -6 = -2*j, x*j = -5*q + 5*j - 6. What is the units digit of u(q)?
4
Suppose -71*p = -73*p + 2486. What is the tens digit of p?
4
Suppose -10*z + 5*s = -8*z - 997, 3*s = 3*z - 1473. What is the tens digit of z?
8
Let c(u) = -2*u**2 + 8*u + 11. Let q be c(5). Let o(v) = -2 + 1 + 3*v**2 - 2*v**2 + v. What is the units digit of o(q)?
1
Let y = 831 - -17. What is the hundreds digit of y?
8
Let x = -1 - -4. Let d(a) = -13*a + 6. Let l(f) = -39*f + 19. Let m(u) = -7*d(u) + 2*l(u). What is the tens digit of m(x)?
3
Let z(c) = -c**2 - 4*c - 1. Let h be z(-4). Let d = h + 9. Suppose d = 3*s - 25. What is the units digit of s?
1
Suppose 2*j - s + 0*s = -25, 0 = -4*j + 3*s - 53. Let d(f) = -7*f - 25. What is the tens digit of d(j)?
5
Suppose 0 = 24*y - 35683 + 1891. What is the units digit of y?
8
Let j be ((-54)/(-12))/((-3)/172). Let y = -162 - j. Suppose -2*q + y = q - v, -4*v = 3*q - 96. What is the units digit of q?
2
Suppose 4*f = -4*i - 4597 + 11369, 5*f + i = 8473. What is the tens digit of f?
9
Let w be (2*-1)/(5 - (-464)/(-92)). Let t = w + 119. What is the units digit of t?
5
Let l be 12/6 + -1 + (2 - -3). What is the units digit of 18/l*(0 - -1)?
3
Suppose 5*z - 4*w - 345 = 0, z + w - 6*w = 48. What is the tens digit of (-1 - (2 - 2)) + z?
7
Let o = -20 - -23. Suppose -6 = -2*v, 2*v - 4*v = o*m - 135. What is the units digit of m?
3
Suppose 0 = 3*s - 119 - 397. Suppose -3*y + s = -0*y + 4*x, 0 = x + 5. What is the units digit of y?
4
What is the tens digit of (-481437)/(-264) + 6/16?
2
Let t(p) = -p**2 - 20*p - 33. Let c be t(-18). Suppose -2*u = -3*a - 240, -4*u + 2*a + 119 = -c*u. What is the units digit of u?
3
Let i = 5058 + -2308. What is the thousands digit of i?
2
Let v = 2 + -2. Suppose 3*l = -2*d + 168, v*d - l = -3*d + 230. Suppose -4*g = 2*a - 82, 3*g - 2*a - 2*a = d. What is the units digit of g?
2
Suppose 0 = -2*l + 15 + 9. Suppose 2*f = -4*a - 110, 5*a + 13 = -l. Let x = f - -118. What is the units digit of x?
3
Let s be 3*2 + 4 + -1. Suppose -10*x - s = -11*x. Suppose x*p + 231 = 12*p. What is the tens digit of p?
7
Let z = -5 + 2. Let y(d) = -d**3 + 3*d**2 + 6*d + 2. What is the tens digit of y(z)?
3
Let c(o) = 2*o**2 + 3*o + 2. Let g be c(-2). Suppose 44 = -j + h, g*h = j + j + 98. Let m = -12 - j. What is the tens digit of m?
2
Let l(u) = u**3 - 3*u**2 - 9*u - 1. Let j(w) = -w. Let o(t) = -3*j(t) - l(t). What is the units digit of o(-4)?
5
Suppose 3*c = -3*s + 93, -c - s + 2*s + 33 = 0. Let z = c - 28. Let u(j) = j + 4. What is the units digit of u(z)?
8
Let a(n) = 5*n**2 + n + 1. Let u be a(-1). Suppose 6*z = 3*z - 5*l + 92, -2*z - u*l + 63 = 0. What is the units digit of z?
9
Suppose 3*h - 16 = 5. Suppose 4*t = x + 123, 1 - h = 2*x. What is the units digit of -4 + t + -3 + 4?
7
Suppose 181*d - 1533 = 178*d. Suppose -m + 8*m - d = 0. What is the tens digit of m?
7
Suppose 13 - 41 = 4*z. Let k be (-13)/(-26)*(-1 - z). Suppose -4*w = 4*u - 168, 0 = 2*w + k*w + u - 210. What is the tens digit of w?
4
Let w(j) = 50*j - 173. What is the units digit of w(41)?
7
Suppose 47300 = -32*u + 149348. What is the units digit of u?
9
Suppose 89*f - 87*f = 238. What is the units digit of f?
9
Let i(p) = p**2 + 2*p - 3. Let b be i(-4). Suppose -32 = -b*z + 58. Suppose 0 = -3*r - 12, 2*m + 2*r - z = -r. What is the tens digit of m?
1
Suppose 4*d + 4*v - 175 = 17, -5*v - 128 = -3*d. Let c = d - -5. What is the tens digit of c?
5
Let h(y) = y - 1. Suppose 5*p - 3 = -m + 5, 0 = -p + m - 2. Let x be h(p). Suppose -4*d + 6*d - 86 = x. What is the tens digit of d?
4
Suppose 2*f - 3*r - 2262 = -f, 0 = -5*f - 5*r + 3790. What is the units digit of f?
6
Let w(q) = 8*q**2 + 57*q - 18. What is the units digit of w(-13)?
3
Suppose -82*j - 14315 + 122309 = 0. What is the units digit of j?
7
Suppose 24 = 5*g - z - 197, 2*z = -2*g + 86. What is the tens digit of g?
4
Let f be (0 - -6 - 3)*1. Suppose 0*a = f*a - 84. Suppose x + 3*x = a. What is the units digit of x?
7
Let l(h) be the second derivative of -h**3/6 - 2*h**2 - h. Let m be l(-10). Suppose i - 11 = m. What is the tens digit of i?
1
Suppose 0 = 5*k, 65 = 5*u + 3*k - 8*k. Let s(p) = -p**3 + 19*p**2 - 18*p + 15. Let y be s(18). Let h = y - u. What is the units digit of h?
2
Let f(d) = -7*d**3 - 2*d**2 + 2*d + 5. Let t be f(-3). What is the hundreds digit of 148/10*t/17?
1
Let i be ((-4)/1 - -2)*-18. Let c = -3 - -1. Let f = i + c. What is the units digit of f?
4
Let p(y) = y**2 + 6*y - 13. Suppose 32 = -2*v - 2*v. Let s be p(v). Suppose i - 43 = b, -s*i + 0*b = -2*b - 126. What is the tens digit of i?
4
Suppose -2*c = c - 81. Let q = c - -30. What is the units digit of q?
7
Let p be (24/(-20))/(6/40). Let h = 8 + p. Suppose 12 = 2*c - h*c. What is the units digit of c?
6
Suppose d = 4*f - 0 - 5, -3*f = 3*d - 15. Suppose f*y + 2 = -3*s + 1, 4*s = -12. Suppose -4*n - b = -59, -y*b + 41 = 2*n + 1. What is the units digit of n?
4
Let b = -5 + 39. Suppose 0 = b*f - 29*f - 210. What is the units digit of f?
2
Suppose -2737*g + 2730*g + 7637 = 0. What is the thousands digit of g?
1
Let k = 48 - 44. Suppose -k*h + 2*v + 40 = 7*v, 5*